-191 + 8 + -1 + 1)
-43
What is the value of (103 + -113 - (6 - -23)) + -20?
-59
What is 4 + (0 - ((5 - -1) + (-12 - 5) + 14))?
1
Evaluate (4 - 0 - (17 + (18 - 24))) + -9.
-16
Evaluate -6 + (-7 - -9 - 2 - -20) + -72.
-58
Evaluate (7 - 27) + 5 + -32.
-47
-5 + 2 + 16 + (365 + -365 - (-1 + 8))
6
What is 99 + -49 + -22 + 19?
47
What is 39 - (-18 - -22 - (13 - -4))?
52
Calculate (24 - (4 + -27 + 28)) + 33.
52
Calculate 34 - (-9 - (7 - 26 - 1)).
23
Calculate (4 - 8) + (-2 - -18) + (160 - 146).
26
Evaluate -5 - (-17 + 68) - -5.
-51
Evaluate 7 - 0 - (4409 + -4437).
35
What is 25 + (35 - (61 + 6))?
-7
Evaluate -3 - ((-27 - -111) + -131).
44
Evaluate (-11 - -88) + -103 + 49.
23
What is the value of (-111 - -58 - (11 - 17)) + 12 + (-1 - -1)?
-35
Calculate -1 - -35 - (3 + -5 + 1 + -8 - -4).
39
(-12 + 9 - (-73 + -1)) + (192 - 194)
69
Evaluate 21 + -1 - (183 + -255) - (5 + 6 + -1).
82
What is the value of (-18 - (-46 - -12)) + -28 - 22?
-34
What is (30 - 20) + -8 - (1 + (1 - -29))?
-29
Evaluate -11 + 0 - 28 - ((1 - (9 - -1)) + 21).
-51
Calculate 15004 - 15034 - ((-1 - -20) + 2).
-51
Evaluate 92 - (97 + -60) - 39.
16
-61 + 33 + 0 + 82
54
Calculate -82 + 49 + -56 + 7.
-82
-13 - -14 - ((1 - (0 + 8)) + -101 + 116)
-7
What is the value of (40 - -74 - 11) + -52?
51
What is (1 - 7 - 4) + (-356 + 341 - (0 - -1))?
-26
What is (-8 - -11) + 3 + -15 + -22 + 3 + 0?
-28
58 - (217 + -168 + 78)
-69
What is (-24 - -20 - 55) + 130?
71
Calculate -38 - (4 + 66 + -107).
-1
-34 - (6 + 29 + -112)
43
10 + (0 + -2 - -1) + 141 + -540 + 405
15
What is the value of -19 - ((-6 - 3) + -6 - (0 - 7))?
-11
Evaluate 15 + ((-6 - -13) + -7 - -43).
58
Calculate -47 + 28 + (-2 - ((3 - -3) + -4)).
-23
3 + -15 + 6 + 7 - (6 + -12)
7
What is 91 - 1 - (-167 - (229 - 395))?
91
What is the value of 5 + 3 + 2 + -7 + (11 - 25 - 8)?
-19
What is the value of (-17 - (5 - 3)) + (-65 - -170)?
86
What is the value of 17 + (28 + -33 - -14) - -6?
32
What is 3 + (55 - 100 - -60)?
18
1 + -3 + -6 + 7 + (65 - (-147 + 239))
-28
What is 0 - 18 - ((114 - 352) + 200)?
20
What is the value of -6 + 9 + -4 + -3 - (9 - (26 + -59))?
-46
What is 9 - (47 + 3 + (-65 - -56)) - 6?
-38
What is the value of (41 - (23 - 32 - -14)) + 6?
42
Evaluate 34 - (21 + (-3 - -21)) - 15.
-20
Calculate (89 - (-6 - 48)) + -34 + 3.
112
Calculate 2 + -9 + 33 + (4 + 18 - 20).
28
104 + (29 + (-71 - -26) - (2 + -16 + 1))
101
Evaluate (83 - 48 - (23 + 4)) + 5.
13
What is 114 + -115 - (9 + -39) - 162?
-133
Calculate (-64 - (-11 + -70)) + 20.
37
Evaluate 124 - 105 - (2 - (-6 - (-2 - -5))).
8
Evaluate -72 + (122 - 65) + 1 + 37.
23
What is the value of (-90 - -72 - -9) + (-2 - -4)?
-7
What is (585 - 572) + (1 - (8 - -3)) - (3 + 1)?
-1
What is the value of -42 - (69 + -63 - 44)?
-4
What is (-2 - 0) + -10 - (-79 - (-102 - -36))?
1
What is 1 + (45 - -3) + (22 - (-4 - 20) - 34)?
61
What is -5 + 9 - (-289 + 277 + (-38 - 2))?
56
Evaluate -42 + -6 + (-45 - -79) + (-1 - -19).
4
What is the value of 48 + (-43 - 17) - -70?
58
-25 + 167 - 78 - ((2 - 4) + -6)
72
(-31 - 2) + -1 - (-129 - (55 + -176))
-26
Calculate (-4 - (-4 - -12) - -4 - -3 - -2) + 20.
17
What is -13 - (4 + -5) - (6 + (13 - 15) + 6)?
-22
What is ((24 - -2) + -43 - (-32 + 3)) + -113?
-101
What is the value of (16 - (23 - 17)) + (-5 - -6) + -33 - 10?
-32
Calculate 187 - (45 - -61) - 179.
-98
Calculate (-44 - -39) + -15 + 71 - (-15 - 0).
66
What is the value of -6 + (9 + 21 - 8) - (99 - 10)?
-73
Calculate -71 + (72 - 32) + 1 + -3.
-33
-109 - (15 + 11) - -224
89
Evaluate (109 - 87 - (0 - 1)) + 3.
26
What is the value of 16 + 845 + -916 + (1 - -27)?
-27
Evaluate (-15 - (-80 + 63)) + -60.
-58
1 + -2 - -4 - (-75 + 301 + -176)
-47
10 - (17 + -27 - -15 - (-2 - -58))
61
Calculate 0 - (0 + 4 - (88 + 43 + -122)).
5
What is 17 + 23 - 46 - (61 + 0)?
-67
Evaluate 4 + (0 - (-16 + 8)) + 0 + -52 + -5.
-45
Calculate -5 + 14 - (5 + (-2 + 13 + -6 - 29)).
28
0 + 38 + (26 - 52) + -11
1
Calculate (-14 + (-19 - -50) - 1) + 25.
41
Calculate (354 - 405) + 70 + -4.
15
Evaluate -26 + -1 - (-981 + 945).
9
What is -9 + (-1 + 5 - (7 + -2 - -2 - 7))?
-5
What is the value of 16 + (-16 + 30 - 104) + -10 - (-6 - 1)?
-77
Evaluate 38 + (33 - (14 + 28)).
29
5 + 0 + (-80 + 140 - (-2 - -3))
64
Calculate -21 + (-6 - (3 + -9)) + (-25 - 47).
-93
Evaluate (-57 - -3) + (39 - 3) + -31 + 7.
-42
Calculate (-142 - -197 - (21 + 2)) + 8.
40
Calculate 392 + -434 + -1 + 79.
36
(206 - 234) + (-2 - (4 + -33))
-1
What is the value of -31 + 1 + (20 - (52 - -85))?
-147
-21 - (-42 - 15 - 17)
53
What is 36 + 45 + (-37 - 35)?
9
119 + (28 + -93 - 100)
-46
What is 34 - (108 + -27 - 0)?
-47
What is 68 + -4 + 9 + 2 - (1595 + -1605)?
85
-36 + 4 - (-21 + 1 + 0)
-12
(2 - (12 - 4) - 5) + (422 - 410)
1
Evaluate 0 + -14 + 1 + 36 + -45 + 125.
103
What is the value of (5 - 10) + (-19 - (10 + -49))?
15
Evaluate -30 + 85 + (13 - (-13 - -15)).
66
What is the value of (38 + -37 + -31 - -37) + -45 + 1?
-37
26 + -1 - 0 - (61 + (-217 - -254))
-73
Evaluate -68 + (-160 - -158) - (-1 - (-2 + 4 - -8)).
-59
(-4 - (-11 - (4 - -6))) + (-16 - -5) - -9
15
8 + -1 + 0 + (27 - (23 + -61 + 22))
50
4 + (-33 + -80 - -26) + (8 - (2 - 2))
-75
Calculate (47 + -62 + (13 - -4) - (-2 - 0)) + -29.
-25
-33 - (19 + 1 + -1322 + 1273)
-4
-1 + -4 - (-19 + (-9 - ((20 - 6) + -44)))
-7
Calculate -452 + 361 + -6 + 94.
-3
Calculate -2 + -47 - (50 + (45 - 104)).
-40
13 + -1 + (-20 + -20 - -27) - -51
50
What is (-5 - 9 - 0) + -20 + 0 + 50?
16
-88 + 195 + -119 + 122
110
Calculate 42 - (16 - (50 - (-17 + 19 - -16))).
58
What is -22 + ((16 - 15) + 7 - -4) + -15?
-25
What is the value of 54 + (19 - (-30 - -80))?
23
Evaluate 263 - 246 - (9 + -1) - (26 + 3 + -2).
-18
What is the value of 24 - (-21 + 33 + 31) - -57?
38
What is (1 - 13) + 2 + (-2 + -7 - (-92 + 99))?
-26
What is -24 - (-45 + (46 + -67 - -54))?
-12
Evaluate (-22 - -5) + (13 + -15 - 3) + 13.
-9
What is the value of (-2 + 19 + -11 - -15) + (10 - 2)?
29
What is the value of 25 + -9 + 6 + -111 + 20 + -29?
-98
Evaluate -2 + 15 - (10 + (-46 - -23)).
26
Calculate -6 - ((-5 - (-4 - (-6 - 4))) + 23).
-18
5 + 0 - (-38 - (-18 + -17))
8
What is the value of -67 + 39 + (6 - 2) + 3 - (1 - 16)?
-6
-6 + (8 - 9) + 9 + -7 + -7
-12
Calculate 32 + 35 + (40 - (49 - 0)).
58
-40 - (-27 + 69) - -5
-77
Evaluate (-31 + 63 - (133 - 5)) + 19.
-77
What is the value of -57 - -41 - (-25 + 45)?
-36
-125 - (-15 - (44 + -57)) - -18
-105
(-49 - -28) + 1 + 10 + (-13 - -5)
-18
Evaluate 14 + -6 + 32 + -39 - ((-20 - -1) + -1).
21
16 - (-2 - (-12 + -5 - -40))
41
What is (-41 - (-14 - 172)) + (-41 - -8)?
112
(-40 + 61 - 57) + 44 - (0 + 1 - -57)
-50
(7 - (-11 + 24)) + 17 + (0 - 26)
-15
What is the value of 6 - -100 - 1 - (61 + -53 - (11 - -1))?
109
Calculate 22 - (18 + -6 + (25 - -61)).
-76
What is the value of 11 - (93 + -43 + 2)?
-41
Evaluate (3 - -4) + 19 + -20 + -3 + 18.
21
What is the value of (0 - -3) + (44 + -15 - 10) + (18 - 31)?
9
23 - (14 + (-3 - -1) - (-4930 + 4982))
63
Evaluate 0 + 53 + (41 - 35 - -7) - (-1 + 11).
56
Evaluate 94 - 7 - (-9 + 4 + 28).
64
What is 26 + 1 + (-10 - (17 + -32))?
32
Calculate (71 + 59 - 65) + -83.
-18
15 + -3 + 66 + (242 - 417)
-97
Evaluate (-8 - -3) + (-40 - -62).
17
What is the value of 25 - (22 - (-7 + -5 - -19)) - 70?
-60
Evaluate -100 - (-10 + -109) - (8 - -1).
10
What is -19 + (-55 - (-33 - -2) - -115)?
72
Evaluate 0 - (-1 + 19 + (-1146 - -1219)).
-91
Calculate -22 + -17 + 22 + -18.
-35
Evaluate 27 + (8 - (-16 - ((13 - 10) + -5))).
49
(-13 - -14) + 31 - (-1 - -4)
29
Evaluate 0 + 0 + -5 + (-163 - -79) + 93.
4
Evaluate (-14 - -25) + 14 + -24 - (-5 - -15 - 4).
-5
What is the value of 73 + -2 + -130 + 90 + 19?
50
What is the value of -60 + -73 + (82 - 49)?
-100
What is -4 + -2 + (3 - (3 - 2)) + 3578 + -3570?
4
Evaluate -9 + -7 + (-6 - -7 - (11 + -3 - 34)).
11
Calculate 10 - 1 - (-22 + (10 - (6 - 8 - 0))).
19
What is 18 + -4 + (-7 - 3 - -12) + -7?
9
Evaluate -1 + (0 - 36) + (-1 + -22 - (-5011 - -4977)).
-26
What is the value of (4 - -2) + 2 - (44 + -31) - -4?
-1
What is the value of (24 + -28 - 14) + (11 - 9) + -31?
-47
Evaluate -6 + -4 - (5 - (7 + 3 + -2 + -2)).
-9
What is the value of 11 + 112 + -29 + (-2 - -14) + -4 + -4?
98
What is the value of -1 + 6 - (-47 + 153 + (-2 - 3))?
-96
Evaluate 20 - (13 - -8) - -3.
2
-16 - (-1 + (4 - (6 - 7)) - (-2 + 5))
-1